 (0 - 0)/(-2 + (-2 - -1)). Suppose -4*y + l*y = -20. Suppose -y*s = -2*b + 1609, 2*s + 2426 = 3*b + 7*s. Is b composite?
True
Let b = 57 - 90. Let o be b/(-8) - (-20)/(-160). Suppose -w - 5*p + 298 = -1083, -o*w - 5*p + 5464 = 0. Is w composite?
False
Let g be ((-95)/1 - -3)*4/(-16). Let y(m) = m**2 - 10*m - 216. Is y(g) a prime number?
True
Suppose -2*w + 4*i + 4 - 40 = 0, -w - 2*i - 38 = 0. Suppose 16*c + 2*c - 10242 = 0. Let s = c + w. Is s composite?
False
Let d(x) be the first derivative of 354*x**4 + x**2 + x - 5. Let t be d(-1). Let m = t + 2670. Is m a composite number?
True
Let q(r) = r**3 + 2*r + 1040. Suppose -z + 8 = -2*v, -3*z + 2*v = -1 - 7. Let a be q(z). Let o = a - 237. Is o composite?
True
Let u = -61402 - -170495. Is u a prime number?
False
Suppose 5644 = -4*s - 3*n + 30829, 5*s - n = 31486. Suppose v = -2*v + s. Is v prime?
True
Let x be 7/((-385)/10) + (-68)/(-11). Let o be 62322/22 - x/(-33). Suppose -t - 854 = -o. Is t a composite number?
False
Let m = -21809 - -32296. Is m prime?
True
Let y = -134 + 83. Let c = -67 - y. Is (-4038)/(-15)*-1*40/c composite?
False
Suppose -18*p + 7*p + 992524 = -1789563. Is p a composite number?
True
Let k(m) = 116*m + 275. Suppose 5*s = 2*b + 208, 36 = s + 2*b - 8. Is k(s) a prime number?
True
Suppose 0 = -217*q + 208*q - 32004. Let h = q + 6165. Is h prime?
True
Suppose 5*a - 255730 = -5*z, 0 = -a - 3*z + 52719 - 1583. Is a a prime number?
True
Suppose 5*j - 20 = 0, 2*j + 794782 = 7*x - 2591999. Is x a prime number?
True
Suppose -18*i + 161*i = 123940531. Is i prime?
True
Is (5 - (-53)/(-11)) + (-1744988)/(-44) a prime number?
True
Let o = -3776818 + 5565687. Is o a composite number?
True
Let p = 96 + -96. Let z be (-10 - 15)/(2 - (p + 1)). Is 2/(10/z) - -432 a composite number?
True
Suppose -19*c + 13 = -25. Suppose 3*d + x = 26771, 17854 = c*d - 6*x + 10*x. Is d prime?
True
Suppose h + 173378 = 4*x + 22223, 0 = 3*x + 2*h - 113358. Is x/30 + 6/(-10) a prime number?
True
Suppose 7*c + 693 = 28*c. Suppose 36*g - 2631 = c*g. Is g composite?
False
Let q(z) = -z**3 - 28*z**2 - 77*z - 37. Is q(-30) composite?
False
Let r(c) = -1251*c + 847. Is r(-26) a prime number?
False
Let x be (-7)/(-2)*(2 - 80/56). Suppose -2*y - 2*y - 34511 = -5*j, 6891 = j + x*y. Is j a prime number?
True
Let s(g) = 0*g + 18*g**2 - 14*g**2 + g + 23 + g**2. Let a(r) = 3*r + 1. Let p be a(-3). Is s(p) a composite number?
True
Let f(g) = -2*g + 6. Let c = -1 + 9. Let a be f(c). Is 2/(-5) + (-4814)/a a composite number?
True
Let z be ((-48)/72)/(4/42). Let c(v) = -1726*v - 35. Is c(z) composite?
True
Suppose -2*g = -2*h + 2, 23*g + 14 = 24*g + 2*h. Is -9062*(-1)/2 + g a prime number?
False
Suppose 3*f + 117 = 105. Let d(b) = -495*b + 7. Is d(f) composite?
False
Suppose 81*l + 17*l - 6935875 = -27*l. Is l composite?
False
Is ((-725824)/2)/(-11) - -9 composite?
True
Suppose -b = 4*b + 2*j + 4713, 3*j + 12 = 0. Let p = b + 1426. Suppose -3*x = -0*v + v - p, 5*v - 2349 = 4*x. Is v prime?
False
Let a(y) = y**3 + 25*y**2 - 54*y - 4. Let d be a(-24). Let h = d + 1979. Is h composite?
False
Let u = -2235 + 4020. Let p = u - 594. Is p a prime number?
False
Suppose 0 = 5*o - 2*p - 309525, -3*o + 144025 = -3*p - 41681. Suppose -835 + o = 16*i. Is i a composite number?
True
Let o be ((-90)/27)/(2/(-3) + 0). Let b(r) = r**2 - 32 + 9*r + o*r - 4*r. Is b(-17) composite?
True
Suppose -12*u = 289 + 71. Suppose f = -3*b - f + 93, -b + 32 = f. Is (6/18)/((-2)/u)*b composite?
True
Let t(x) = 69*x - 773. Is t(12) a prime number?
False
Suppose 3*w - 4*h - 258 = 232, -4*w - h = -628. Let z be 541 + -3 - (3 - 2). Let m = z - w. Is m a prime number?
True
Let k(g) = 116*g**2 - 6*g + 40. Suppose -v = -4*m + 65, 4*v = 3*v - 5. Let n be k(m). Suppose n = 4*t + 6*t. Is t a composite number?
True
Suppose f - 5*n - 558503 = 0, f + 67786 - 626265 = 2*n. Is f composite?
True
Let s(w) = w**3 + 8*w**2 + 3*w - 5. Let u be s(-7). Let r(n) = 2*n - 42. Let h be r(u). Suppose -243 = -k - h*m, -2*m = 2*k - 9 - 471. Is k composite?
False
Suppose 35*a - 64 + 99 = 0. Is -1*((-2413 - 6) + a + 3) prime?
True
Let s = -1256042 - -2231185. Is s prime?
False
Suppose -35*q = -5*q - 150. Suppose q*g = 2*g + 20781. Is g prime?
False
Suppose 4*h + 34 = -y + h, 3*h + 122 = -5*y. Let f(g) = 2*g**2 - 11*g + 1. Let q be f(7). Is 4/y - (-8166)/q a prime number?
False
Let c(o) = 8750*o**2 + 82*o + 395. Is c(-8) composite?
False
Let r = 3180 - 1637. Is r composite?
False
Is 4/6*18/(-21) + 12715016589/10563 composite?
False
Suppose 56*t = 156*t - 9466900. Is t a composite number?
True
Suppose -41 = 2*n + 5*s - 0, 0 = 5*n - s + 35. Is ((-2)/n*-2)/((-13)/38506) prime?
True
Is 552322*((-6)/60 - (-3)/5) a prime number?
False
Let x be (-12 + 12)*(-1 - 0). Let q be 7*(1 - 43) - x. Is 5 + -3 - q - 1 prime?
False
Let p(j) = -5*j**3 - 15*j**2 + 31*j + 163. Let d be p(-13). Is 8/20*d/(-8)*-34 prime?
False
Suppose 0 = 3*r + 2*g - 34666 - 50141, -3*r + 84795 = 6*g. Is r prime?
False
Suppose -5*n = -56 + 406. Let k be (n/(-4))/((-1)/(-10)). Suppose 683 = 2*w + k. Is w composite?
True
Let t(k) = 883*k**2 + 18*k - 83. Is t(10) a composite number?
False
Let q(r) = -r**2 - 25*r - 9. Let m be q(-19). Suppose 2*h - 1117 = -m. Suppose h + 739 = 3*s. Is s prime?
False
Let a(r) = -10*r**2 + 79*r - 18. Let s be a(-20). Let m = -2377 - s. Is m prime?
True
Suppose -5*w - 2*g = -8591337, 6*w - 10309597 = -2*g + 7*g. Is w prime?
True
Is (33*(-5)/(-75))/((-7)/(-1275155)) a prime number?
False
Let w = 755263 - 441390. Is w a prime number?
False
Suppose 84339 = 206*m - 203*m - 2*f, -5*m + f = -140565. Is m a prime number?
False
Let l(v) = 788*v**2 + 9*v + 5. Is l(-18) a composite number?
True
Let f = 3081 - -7750. Is f a prime number?
True
Let c(z) = 126*z + 13. Suppose 67 = 2*i - 2*u + 43, 2*i - 4*u = 30. Is c(i) composite?
True
Suppose -2*b = -2 - 8. Suppose p - b*k + 16 = -k, 0 = p + 5*k - 29. Suppose -12*s + 4*r + 2081 = -7*s, p*r = 4*s - 1668. Is s a prime number?
False
Let d(n) = 189*n**3 + 5*n**2 - 8*n + 7. Let z(a) = 188*a**3 + 6*a**2 - 8*a + 8. Let k(h) = 4*d(h) - 3*z(h). Is k(3) a prime number?
False
Let x(z) = z**3 + 14*z**2 - 15*z + 13. Let w be x(-15). Let i(t) = 3*t**2 - 252 + 18*t + 222 + 2*t**2. Is i(w) composite?
False
Let h = -2149 - -3262. Let m = h - 646. Let f = m - 144. Is f a composite number?
True
Suppose 138*v - 53*v + 6136762 = 32273667. Is v a composite number?
True
Suppose 276 = -2*o + 84. Is (-1 + 5)*9*(-6584)/o a composite number?
True
Let i(h) = 38944*h**2 - 9*h - 27. Is i(-2) prime?
False
Suppose 2*t = 2*z + 87026, 5*t - 2*z = 5688 + 211865. Is t a composite number?
True
Is (-55401079)/(-524) - 2/8 composite?
False
Is 4 + (-225)/63 - (-1646696)/28 a composite number?
True
Let p(b) = 280*b**2 + 4*b - 3. Suppose -3*r - 5 = -5*i, -r + 3*i - 5 - 2 = 0. Suppose -5*a - 36 = -4*y, -r*a - 10 = y + 6. Is p(y) composite?
False
Let q(a) = 120*a**2 + 160*a - 347. Is q(37) a composite number?
True
Suppose 4 = 4*l, -3*d + 11*l - 2159 = 6*l. Is d*(2/(-2) + 0) composite?
True
Let m = -309 - -346. Suppose 33*a + 82108 = m*a. Is a prime?
False
Let g = 484589 + -287530. Is g prime?
True
Let h(k) = 2*k**2 + 3*k - 1. Let o be h(1). Is o/(-10) + 95641/65 composite?
False
Let v = -157 - -155. Let g be ((-1)/(-2) + 0)/((-1)/v). Is 12623/26*(g + 1) composite?
False
Suppose -5*k + 1248 = -632. Let a be 16/4 - (-112 - -3). Suppose k = 3*o - a. Is o prime?
True
Let d(g) = -g**2 + 14*g. Let u be d(14). Suppose 2*h + 4*p - 6846 = 9*p, u = -4*h + p + 13728. Is h a composite number?
False
Let w(x) = -x**3 + 7*x**2 - 14*x + 22. Let t be w(5). Suppose 5*a = -0*a - 4*i + 9231, -2*i = t. Is a a prime number?
True
Is (3/(-4))/(2063625/24763905 - (-10)/(-120)) composite?
False
Let k(f) be the first derivative of -189*f**2/2 - 282*f + 145. Is k(-25) a prime number?
False
Let v = -878 - -1316. Let z be (-96944)/(-40) - 6/(-15). Suppose -6*a = v - z. Is a a prime number?
True
Suppose -6*v + 136548 - 46482 = 0. Let b = -10232 + v. Suppose z - 2 = 3*z, -2*z + b = l. Is l a composite number?
True
Is -1*(6/(-9))/(6/1595313) a prime number?
True
Let u(w) = w**2 + 12*w + 41. Let h be u(-7). Is ((-210)/(-63))/(h/27) a composite number?
True
Let g(d) = d**3 - d**2 - d - 110. Let c be g(0). Let v be 4*(-1*1 - c/(-40)). Let m(n